ppose 3*r - p*y = 73, -1 = y - 2*y. Calculate the remainder when 49 is divided by r.
24
What is the remainder when 92 is divided by (-1 - -2)/(5/(-95)*-1)?
16
Calculate the remainder when 835 is divided by 1108/36 - (-5)/((-315)/(-14)).
29
Let r = -22 + 111. Calculate the remainder when r is divided by 23.
20
Let l(k) be the first derivative of k**3/3 + 3*k**2/2 + 7*k - 6. Let y(f) = -3*f + 3. Let u be y(3). What is the remainder when 73 is divided by l(u)?
23
Let f = 126 + 59. Calculate the remainder when f is divided by 50.
35
Suppose 29*g - 24*g + 3*i = 281, 2*i + 271 = 5*g. What is the remainder when 2199 is divided by g?
54
Let i(w) = -w**2 - 16*w - 5. Let q be i(-9). Suppose s - 2*s = 0, 2*c = 3*s + q. What is the remainder when c is divided by 4?
1
Let k(v) = -3*v**2 - 42*v. What is the remainder when k(-13) is divided by 14?
11
Suppose 0*r - k = -5*r + 3587, 2*r = 2*k + 1438. What is the remainder when r is divided by 80?
77
Suppose 0 = -2*j - 7*j + 36. Suppose -j*i + 26 = -66. What is the remainder when 67 is divided by i?
21
Let d(q) = 38*q - 1. Let p = -308 + 318. Calculate the remainder when d(1) is divided by p.
7
Suppose 8*p - 1382 - 114 = 0. Let x = p + -138. What is the remainder when x is divided by (26/(-6))/(1/(-6))?
23
Let s(m) = 5*m - 150. Calculate the remainder when 121 is divided by s(31).
1
Calculate the remainder when 1589/14 + (-18)/(-12) is divided by 4.
3
Let y = 2 - 1. Let b = -3581 + 3611. Calculate the remainder when b is divided by (-1)/(y*(-2)/32).
14
Suppose -5*z = -4*z + 56. Let q be (z/(-5))/(16/120). Suppose -q = -4*w - 24. What is the remainder when w is divided by 4?
3
Suppose -j + 3*j + 3*z - 9 = 0, 3*j - 4*z - 22 = 0. Let x be (-3)/6*(1 - -3). Calculate the remainder when j is divided by (-2)/x - (-1 - 2).
2
Let h(d) = 2*d**2 + 15*d - 8. Calculate the remainder when h(3) is divided by 19.
17
Let d(g) be the second derivative of -g**5/20 + 13*g**4/12 - 7*g**3/6 + g**2 - 10*g. Calculate the remainder when d(12) is divided by 21.
20
Suppose -5*r + 12 = 5*n - 8, 4*r + n - 10 = 0. Suppose 4*w - 3*m + 10 = 0, w + 10 = -2*m + r. What is the remainder when 3/(-12) + (-245)/w is divided by 32?
29
Suppose 19*q - 1089 - 5371 = 0. What is the remainder when q is divided by 86?
82
Let x(n) = -42*n - 247. What is the remainder when x(-7) is divided by 12?
11
Suppose 3*u = -i + 197, 5*i + 190 = 4*u - 41. Calculate the remainder when 244 is divided by u.
52
Let k = 6 + 48. What is the remainder when k is divided by 11?
10
Suppose -g + 9 = 4. Suppose -j + g = 2. Suppose 18 + 132 = j*q. Calculate the remainder when q is divided by 17.
16
Let q(z) be the third derivative of z**4/12 + 17*z**3/6 + 4*z**2. Let f be q(-13). Let s(v) = v**2 + 9*v + 10. What is the remainder when s(f) is divided by 3?
1
Let f = 11 + -26. Let c(b) = -b**3 - 15*b**2 + 3*b + 17. Let y be c(f). Let m = y - -47. Calculate the remainder when m is divided by 11.
8
Let v = -12375 - -7119. What is the remainder when v/24*(14/(-6) - -2) is divided by 38?
35
Let x(k) = 3*k**2 + 15*k + 13. Let r be x(-6). Suppose 2*a - r = 9. Suppose 0 = 6*q - q - 55. What is the remainder when a is divided by q?
9
Let g(t) = t**3 - 8*t**2 + 14*t - 2. Let q be g(6). What is the remainder when q/60 + 233/6 is divided by -16*((-2)/(-4) + -1)?
7
Suppose q - 444 = o + 2*o, 3*q - 592 = 4*o. Let c = 250 + o. Calculate the remainder when c is divided by 8.
6
Let h(j) = 18*j - 17. What is the remainder when h(7) is divided by 3*-1 + (24 - -1)?
21
Suppose 2*m - 4*m + 2 = 0, -i = 2*m - 49. What is the remainder when 89 is divided by i?
42
Suppose -d + 5 = -2. Suppose 119*a + 194*a - 10354 = -21*a. Calculate the remainder when a is divided by d.
3
Let z(y) = -y**2 - 31*y - 209. Calculate the remainder when 71 is divided by z(-14).
13
Let a = 8 + -12. Let q = -28 - a. What is the remainder when 90 is divided by (-18)/q - (-178)/8?
21
Suppose 77 = 5*p - 98. Suppose 43 + 2 = 5*k. What is the remainder when p is divided by k?
8
Let d(v) = -v**3 + 8*v**2 - 4*v + 16. Let w be d(8). What is the remainder when (w/(-40))/((-3)/(-90)) is divided by 2?
0
Suppose m = -5*m + 1344. Let s = m + -143. What is the remainder when s is divided by 28?
25
Let p = -3 + 28. What is the remainder when 75 is divided by p?
0
Let h be (67 - -2) + (-2 - -4). Suppose 0*w + 3*w - h = -r, 0 = 3*w + 4*r - 77. Calculate the remainder when 88 is divided by w.
19
Suppose -11*v + v = -5050. What is the remainder when v is divided by 23?
22
Let o be 2/(-9) - (-4760)/36. Suppose -v - x + o - 42 = 0, 450 = 5*v - x. What is the remainder when 42 is divided by ((-6)/(-10))/(6/v)?
6
Let l(s) = -s**3 - 7*s**2 + 97*s + 5. Calculate the remainder when l(-15) is divided by 39.
38
What is the remainder when 237 is divided by (24/32)/((-2)/(-8)) - -17?
17
Let p = 4085 + -2043. What is the remainder when p is divided by 28?
26
Suppose -34 = -5*c + 4*g, -3*c - 2*g = -5*c + 14. Suppose 0 = -4*t + 74 + 82. What is the remainder when t is divided by c?
3
Suppose 3 = -y - 0*y. Let x be (-226)/y - (-8)/12. Suppose x = s + 3*s. Calculate the remainder when 54 is divided by s.
16
Suppose -4*c + 3487 = 1219. What is the remainder when c is divided by 10?
7
Suppose 2*k - 80 = 4*q - 176, q = -4*k + 6. Calculate the remainder when 24 is divided by q.
2
Let r be 2/3 - 2/3. Suppose 2*a - a - 21 = r. Calculate the remainder when 574/(-82) - 46*(0 + -1) is divided by a.
18
Suppose 0 = -138*n + 103*n + 70. What is the remainder when 22 is divided by n?
0
Let c be (-14)/(-7)*(-1 - -2). Suppose g - 50 = -c*v, 5*g = -v - 0*v + 241. Suppose -18*f - g = -21*f. Calculate the remainder when 62 is divided by f.
14
Suppose -2*l = 5*r - 119, 39 + 250 = 5*l + 4*r. What is the remainder when l is divided by 22?
13
Suppose 0 = -138*m + 142*m - 1256. What is the remainder when m is divided by 34?
8
Let z be ((-1 - 0) + 0)/(2/(-262)). Let s = z + -90. Calculate the remainder when s is divided by 21.
20
Suppose -4*r + 1638 = -90. Calculate the remainder when r is divided by 109.
105
Let a be 6/14 - (-22)/14. Suppose 2*b - 2*q - 1 = 1, -4*b + 10 = -a*q. Let r = 48 - 34. What is the remainder when r is divided by b?
2
Let m(y) = y**3 - 43*y**2 + 77*y + 243. Calculate the remainder when m(41) is divided by 33.
5
Let m(h) = -h**3 + 5*h**2 + 4*h. What is the remainder when 87 + (1 - -5) + 4 is divided by m(5)?
17
Let z = 291 - 256. Calculate the remainder when 133 is divided by z.
28
Suppose 3*z - 407 = 3*q - 128, q + 2 = 0. Calculate the remainder when z is divided by 20.
11
Suppose 174 = 4*t - t + 4*y, -195 = -3*t + 3*y. Calculate the remainder when 304 is divided by t.
56
Let u(k) = k**2 + 2*k - 6. Let m be u(-4). Calculate the remainder when (-2 + 0 - 1) + (52 - m) is divided by 16.
15
Suppose 35*t + 432 = 41*t. Let l = t + -37. What is the remainder when l is divided by 19?
16
Suppose 0*n + 15 = n + 3*c, c = 4*n - 34. What is the remainder when 51 is divided by n?
6
Let f be (10/(-3))/((-12)/126). Suppose -3*y + 5*n = -f, -4*y + 0*n + 41 = -n. Calculate the remainder when 17 is divided by y.
7
Let y = 33 - 28. Suppose -k - 3*k + y*t = -49, -5*k + 56 = -t. Calculate the remainder when k is divided by 3.
2
Calculate the remainder when 6/(-1) + 12048/48 is divided by 33.
14
Let v(a) = 2*a - 4. Let h be v(3). Suppose r - i + 18 = 2*i, -r - 16 = -h*i. What is the remainder when 81 is divided by 63/2*r/(-18)?
18
Let d = -158 - -182. Calculate the remainder when 39 is divided by d.
15
Let s = 468 + -454. What is the remainder when 403 is divided by s?
11
Let g = -38 + -6. Calculate the remainder when 6 is divided by 11/(g/(-24)) + -1.
1
Calculate the remainder when 417 + (-10)/15*-6 is divided by 47.
45
Suppose 5*s + 8 = 2*s - 2*p, 0 = 3*s - 2*p - 8. Suppose -3*h - 26 + 8 = s. Let z = 0 - h. What is the remainder when 15 is divided by z?
3
Calculate the remainder when 275/3 - (-276)/(-414) is divided by 47.
44
Suppose 41*d = 36*d + 65. Let k(a) be the first derivative of -a**4/4 + 8*a**3/3 + 11*a**2/2 + 5*a - 1. Calculate the remainder when k(9) is divided by d.
10
Calculate the remainder when 52 is divided by (-6 - 27/(-6)) + (-123)/(-6).
14
Suppose 0 = 3*j + 2*j - 140. Let r = j + -3. What is the remainder when r is divided by 10?
5
Let h(o) = 2*o**3 + 37*o**2 + 